{"id":56,"date":"2025-10-15T09:24:37","date_gmt":"2025-10-15T09:24:37","guid":{"rendered":"http:\/\/www.mac3.ro\/?page_id=56"},"modified":"2026-02-19T10:01:51","modified_gmt":"2026-02-19T10:01:51","slug":"compresor-portabil-mac3-msp1300","status":"publish","type":"page","link":"http:\/\/www.mac3.ro\/?page_id=56","title":{"rendered":"Compresor de aer portabil MAC3 MSP1300"},"content":{"rendered":"\n<div class=\"wp-block-group alignfull has-accent-5-background-color has-background has-global-padding is-layout-constrained wp-container-core-group-is-layout-d89aad35 wp-block-group-is-layout-constrained\" style=\"margin-top:0;margin-bottom:0;padding-top:var(--wp--preset--spacing--50);padding-right:var(--wp--preset--spacing--50);padding-bottom:var(--wp--preset--spacing--50);padding-left:var(--wp--preset--spacing--50)\">\n<div class=\"wp-block-columns alignwide is-layout-flex wp-container-core-columns-is-layout-1da03c2a wp-block-columns-is-layout-flex\">\n<div class=\"wp-block-column is-vertically-aligned-center is-layout-flow wp-block-column-is-layout-flow\" style=\"flex-basis:60%\">\n<figure class=\"wp-block-image size-full is-style-rounded wp-duotone-duotone-1 is-style-rounded--1\"><img loading=\"lazy\" decoding=\"async\" width=\"2560\" height=\"1672\" src=\"http:\/\/www.mac3.ro\/wp-content\/uploads\/2025\/10\/MSP1300-sur-chantier-avec-nouvelles-couleurs-1-scaled.jpg\" alt=\"\" class=\"wp-image-57\" style=\"aspect-ratio:4\/3;object-fit:cover\" srcset=\"http:\/\/www.mac3.ro\/wp-content\/uploads\/2025\/10\/MSP1300-sur-chantier-avec-nouvelles-couleurs-1-scaled.jpg 2560w, http:\/\/www.mac3.ro\/wp-content\/uploads\/2025\/10\/MSP1300-sur-chantier-avec-nouvelles-couleurs-1-300x196.jpg 300w, http:\/\/www.mac3.ro\/wp-content\/uploads\/2025\/10\/MSP1300-sur-chantier-avec-nouvelles-couleurs-1-1024x669.jpg 1024w, http:\/\/www.mac3.ro\/wp-content\/uploads\/2025\/10\/MSP1300-sur-chantier-avec-nouvelles-couleurs-1-768x502.jpg 768w, http:\/\/www.mac3.ro\/wp-content\/uploads\/2025\/10\/MSP1300-sur-chantier-avec-nouvelles-couleurs-1-1536x1003.jpg 1536w, http:\/\/www.mac3.ro\/wp-content\/uploads\/2025\/10\/MSP1300-sur-chantier-avec-nouvelles-couleurs-1-2048x1337.jpg 2048w\" sizes=\"auto, (max-width: 2560px) 100vw, 2560px\" \/><\/figure>\n<\/div>\n\n\n\n<div class=\"wp-block-column is-layout-flow wp-block-column-is-layout-flow\" style=\"flex-basis:40%\">\n<h2 class=\"wp-block-heading\">Compact. Puternic. Inteligent.<\/h2>\n\n\n\n<p>Compresorul de aer MAC3 MSP1300 redefine\u0219te mobilitatea profesional\u0103. Disponibil <strong>pe \u0219enile sau pe ro\u021bi<\/strong>, cu <strong>m\u00e2ner reglabil \u0219i reversibil<\/strong>, este u\u0219or de transportat, manevrat \u0219i \u00eentre\u021binut. Toate acestea \u00eentr-un design care economise\u0219te spa\u021biu f\u0103r\u0103 s\u0103 sacrifice puterea.<\/p>\n<\/div>\n<\/div>\n<\/div>\n\n\n\n<div class=\"wp-block-group alignfull has-base-2-background-color has-background has-global-padding is-layout-constrained wp-container-core-group-is-layout-669513ed wp-block-group-is-layout-constrained\" style=\"margin-top:0;margin-bottom:0;padding-top:var(--wp--preset--spacing--50);padding-right:var(--wp--preset--spacing--50);padding-bottom:var(--wp--preset--spacing--50);padding-left:var(--wp--preset--spacing--50)\">\n<div class=\"wp-block-group is-vertical is-content-justification-center is-layout-flex wp-container-core-group-is-layout-52b864f0 wp-block-group-is-layout-flex\">\n<p><strong>APLICA\u021aII COMPRESOR DE AER MAC3 MSP1300 <\/strong><\/p>\n<\/div>\n\n\n\n<div style=\"margin-top:0;margin-bottom:0;height:var(--wp--preset--spacing--40)\" aria-hidden=\"true\" class=\"wp-block-spacer\"><\/div>\n\n\n\n<div class=\"wp-block-columns alignwide is-layout-flex wp-container-core-columns-is-layout-d0bbbce0 wp-block-columns-is-layout-flex\">\n<div class=\"wp-block-column is-layout-flow wp-container-core-column-is-layout-e3d1c41b wp-block-column-is-layout-flow\">\n<h3 class=\"wp-block-heading has-text-align-left is-style-asterisk has-body-font-family has-medium-font-size\" style=\"font-style:normal;font-weight:600\"><strong>Sablare (100 PSI\/ 7 BAR)<\/strong><\/h3>\n\n\n\n<ul class=\"wp-block-list\">\n<li>Sablare<\/li>\n\n\n\n<li>Aerografiere<\/li>\n\n\n\n<li>Hidrogomaj*<\/li>\n<\/ul>\n<\/div>\n\n\n\n<div class=\"wp-block-column is-layout-flow wp-container-core-column-is-layout-e3d1c41b wp-block-column-is-layout-flow\">\n<h3 class=\"wp-block-heading has-text-align-left is-style-asterisk has-body-font-family has-medium-font-size\" style=\"font-style:normal;font-weight:600\"><strong>Demol\u0103ri (100 PSI \/ 7 BAR)<\/strong><\/h3>\n\n\n\n<ul class=\"wp-block-list\">\n<li>Spargere pavaje<\/li>\n\n\n\n<li>Ciocane pneumatice<\/li>\n<\/ul>\n<\/div>\n\n\n\n<div class=\"wp-block-column is-layout-flow wp-container-core-column-is-layout-e3d1c41b wp-block-column-is-layout-flow\">\n<h3 class=\"wp-block-heading has-text-align-left is-style-asterisk has-body-font-family has-medium-font-size\" style=\"font-style:normal;font-weight:600\"><strong>Fibr\u0103 optic\u0103<\/strong><\/h3>\n\n\n\n<p class=\"has-text-align-left\"><strong>215 PSI \/ 15 BAR<\/strong><\/p>\n<\/div>\n<\/div>\n\n\n\n<div style=\"height:55px\" aria-hidden=\"true\" class=\"wp-block-spacer\"><\/div>\n\n\n\n<p>*<strong>Compresorul cu aer comprimat MAC3 MSP1300 este capabil s\u0103 cure\u021be suprafe\u021bele prin combinarea de  aer, ap\u0103 \u0219i abraziv fin (cum ar fi nisipul, bicarbonatul sau alte particule bl\u00e2nde).<\/strong><\/p>\n\n\n\n<div style=\"height:42px\" aria-hidden=\"true\" class=\"wp-block-spacer\"><\/div>\n\n\n\n<p class=\"has-text-align-center\"><strong>DESIGN<\/strong><\/p>\n\n\n\n<div class=\"wp-block-columns alignwide is-layout-flex wp-container-core-columns-is-layout-d0bbbce0 wp-block-columns-is-layout-flex\">\n<div class=\"wp-block-column is-layout-flow wp-container-core-column-is-layout-e3d1c41b wp-block-column-is-layout-flow\">\n<h3 class=\"wp-block-heading has-text-align-left is-style-asterisk has-body-font-family has-medium-font-size\" style=\"font-style:normal;font-weight:600\"><strong>M\u00c2NER REGLABIL<\/strong><\/h3>\n\n\n\n<p class=\"has-text-align-left\">M\u00e2ner reversibil \u00een func\u021bie de \u00een\u0103l\u021bimea utilizatorului \u0219i reglabil \u00een lungime pentru o manevrabilitate \u00eembun\u0103t\u0103\u021bit\u0103 a modelului de compresor <strong>MSP1300<\/strong>.<\/p>\n<\/div>\n\n\n\n<div class=\"wp-block-column is-layout-flow wp-container-core-column-is-layout-e3d1c41b wp-block-column-is-layout-flow\">\n<h3 class=\"wp-block-heading has-text-align-left is-style-asterisk has-body-font-family has-medium-font-size\" style=\"font-style:normal;font-weight:600\"><strong>U\u0218OR DE UTILIZAT<\/strong><\/h3>\n\n\n\n<ul class=\"wp-block-list\">\n<li>Pornire electric\u0103<\/li>\n\n\n\n<li>Acces direct la rezervor pentru umplere<\/li>\n\n\n\n<li>Deschidere a capacului pentru acces la dispozitivele de operare<\/li>\n\n\n\n<li>Acces facil \u0219i protejat la contact<\/li>\n\n\n\n<li>Ie\u0219ire de aer u\u0219or accesibil\u0103 \u0219i protejat\u0103<\/li>\n<\/ul>\n<\/div>\n\n\n\n<div class=\"wp-block-column is-layout-flow wp-container-core-column-is-layout-e3d1c41b wp-block-column-is-layout-flow\">\n<h3 class=\"wp-block-heading has-text-align-left is-style-asterisk has-body-font-family has-medium-font-size\" style=\"font-style:normal;font-weight:600\"><strong>MOTOR BRIGGS &amp; STRATTON<\/strong><\/h3>\n\n\n\n<p class=\"has-text-align-left\">Vanguard 23HP<\/p>\n<\/div>\n<\/div>\n\n\n\n<div class=\"wp-block-group alignfull has-base-2-background-color has-background has-global-padding is-layout-constrained wp-container-core-group-is-layout-669513ed wp-block-group-is-layout-constrained\" style=\"margin-top:0;margin-bottom:0;padding-top:var(--wp--preset--spacing--50);padding-right:var(--wp--preset--spacing--50);padding-bottom:var(--wp--preset--spacing--50);padding-left:var(--wp--preset--spacing--50)\">\n<div style=\"margin-top:0;margin-bottom:0;height:0px\" aria-hidden=\"true\" class=\"wp-block-spacer\"><\/div>\n\n\n\n<div class=\"wp-block-columns alignwide is-layout-flex wp-container-core-columns-is-layout-d0bbbce0 wp-block-columns-is-layout-flex\">\n<div class=\"wp-block-column is-layout-flow wp-container-core-column-is-layout-e3d1c41b wp-block-column-is-layout-flow\">\n<h3 class=\"wp-block-heading has-text-align-left is-style-asterisk has-body-font-family has-medium-font-size\" style=\"font-style:normal;font-weight:600\"><strong>PUTERE MODULAR\u0102<\/strong><\/h3>\n\n\n\n<p class=\"has-text-align-left\">Compresorul MAC3 MSP1300 a fost proiectat pentru a oferi ergonomie maxim\u0103, fie \u00een utilizare, fie la \u00eentre\u021binere sau transport.<\/p>\n<\/div>\n\n\n\n<div class=\"wp-block-column is-layout-flow wp-container-core-column-is-layout-e3d1c41b wp-block-column-is-layout-flow\">\n<p><\/p>\n<\/div>\n\n\n\n<div class=\"wp-block-column is-layout-flow wp-container-core-column-is-layout-e3d1c41b wp-block-column-is-layout-flow\">\n<p><\/p>\n<\/div>\n<\/div>\n\n\n\n<div style=\"height:var(--wp--preset--spacing--20)\" aria-hidden=\"true\" class=\"wp-block-spacer\"><\/div>\n<\/div>\n\n\n\n<h4 class=\"wp-block-heading has-text-align-center\"><strong>SPECIFICA\u021aII TEHNICE<\/strong><\/h4>\n\n\n\n<div style=\"height:22px\" aria-hidden=\"true\" class=\"wp-block-spacer\"><\/div>\n\n\n\n<figure class=\"wp-block-table\"><table class=\"has-fixed-layout\"><tbody><tr><td class=\"has-text-align-center\" data-align=\"center\"><strong>MODEL<\/strong><\/td><td class=\"has-text-align-center\" data-align=\"center\"><strong>PRESIUNE (BAR-PSI)<\/strong><\/td><\/tr><tr><td class=\"has-text-align-center\" data-align=\"center\">MSP1300 (7 BAR)<\/td><td class=\"has-text-align-center\" data-align=\"center\">7-100<\/td><\/tr><tr><td class=\"has-text-align-center\" data-align=\"center\">MSP1300 (8,5 BAR)<\/td><td class=\"has-text-align-center\" data-align=\"center\">8,5 &#8211; 123<\/td><\/tr><tr><td class=\"has-text-align-center\" data-align=\"center\">MSP1300 (10 BAR)<\/td><td class=\"has-text-align-center\" data-align=\"center\">10 &#8211; 145<\/td><\/tr><tr><td class=\"has-text-align-center\" data-align=\"center\">MSP1300 (15 BAR)<\/td><td class=\"has-text-align-center\" data-align=\"center\">15 &#8211; 215<\/td><\/tr><\/tbody><\/table><\/figure>\n\n\n\n<h4 class=\"wp-block-heading has-text-align-center\"><strong>Compresor \u00een carcas\u0103 (<em>skid compressor<\/em>)<\/strong><\/h4>\n\n\n\n<figure class=\"wp-block-table\"><table class=\"has-fixed-layout\"><tbody><tr><td class=\"has-text-align-center\" data-align=\"center\"><strong>GREUTATE (KG)<\/strong><\/td><td class=\"has-text-align-center\" data-align=\"center\"><strong>DIMENSIUNI (L x l x H)<\/strong> (mm)<\/td><\/tr><tr><td class=\"has-text-align-center\" data-align=\"center\">214<\/td><td class=\"has-text-align-center\" data-align=\"center\">1106 x 602 x 660<\/td><\/tr><tr><td class=\"has-text-align-center\" data-align=\"center\">214<\/td><td class=\"has-text-align-center\" data-align=\"center\">1106 x 602 x 660<\/td><\/tr><tr><td class=\"has-text-align-center\" data-align=\"center\">214<\/td><td class=\"has-text-align-center\" data-align=\"center\">1106 x 602 x 660<\/td><\/tr><tr><td class=\"has-text-align-center\" data-align=\"center\">214<\/td><td class=\"has-text-align-center\" data-align=\"center\">1106 x 602 x 660<\/td><\/tr><\/tbody><\/table><\/figure>\n\n\n\n<div style=\"height:38px\" aria-hidden=\"true\" class=\"wp-block-spacer\"><\/div>\n<\/div>\n","protected":false},"excerpt":{"rendered":"<p>Compact. Puternic. Inteligent. Compresorul de aer MAC3 MSP1300 redefine\u0219te mobilitatea profesional\u0103. Disponibil pe \u0219enile sau pe ro\u021bi, cu m\u00e2ner reglabil \u0219i reversibil, este u\u0219or de transportat, manevrat \u0219i \u00eentre\u021binut. Toate acestea \u00eentr-un design care economise\u0219te spa\u021biu f\u0103r\u0103 s\u0103 sacrifice puterea. APLICA\u021aII COMPRESOR DE AER MAC3 MSP1300 Sablare (100 PSI\/ 7 BAR) Demol\u0103ri (100 PSI \/ [&hellip;]<\/p>\n","protected":false},"author":1,"featured_media":0,"parent":0,"menu_order":0,"comment_status":"closed","ping_status":"closed","template":"","meta":{"footnotes":""},"class_list":["post-56","page","type-page","status-publish","hentry"],"_links":{"self":[{"href":"http:\/\/www.mac3.ro\/index.php?rest_route=\/wp\/v2\/pages\/56","targetHints":{"allow":["GET"]}}],"collection":[{"href":"http:\/\/www.mac3.ro\/index.php?rest_route=\/wp\/v2\/pages"}],"about":[{"href":"http:\/\/www.mac3.ro\/index.php?rest_route=\/wp\/v2\/types\/page"}],"author":[{"embeddable":true,"href":"http:\/\/www.mac3.ro\/index.php?rest_route=\/wp\/v2\/users\/1"}],"replies":[{"embeddable":true,"href":"http:\/\/www.mac3.ro\/index.php?rest_route=%2Fwp%2Fv2%2Fcomments&post=56"}],"version-history":[{"count":6,"href":"http:\/\/www.mac3.ro\/index.php?rest_route=\/wp\/v2\/pages\/56\/revisions"}],"predecessor-version":[{"id":119,"href":"http:\/\/www.mac3.ro\/index.php?rest_route=\/wp\/v2\/pages\/56\/revisions\/119"}],"wp:attachment":[{"href":"http:\/\/www.mac3.ro\/index.php?rest_route=%2Fwp%2Fv2%2Fmedia&parent=56"}],"curies":[{"name":"wp","href":"https:\/\/api.w.org\/{rel}","templated":true}]}}

<div class="wp-block-group alignfull has-accent-5-background-color has-background has-global-padding is-layout-constrained wp-container-core-group-is-layout-d89aad35 wp-block-group-is-layout-constrained" style="margin-top:0;margin-bottom:0;padding-top:var(--wp--preset--spacing--50);padding-right:var(--wp--preset--spacing--50);padding-bottom:var(--wp--preset--spacing--50);padding-left:var(--wp--preset--spacing--50)">
<div class="wp-block-columns alignwide is-layout-flex wp-container-core-columns-is-layout-1da03c2a wp-block-columns-is-layout-flex">
<div class="wp-block-column is-vertically-aligned-center is-layout-flow wp-block-column-is-layout-flow" style="flex-basis:60%">
<figure class="wp-block-image size-full is-style-rounded wp-duotone-duotone-1 is-style-rounded--1"><img loading="lazy" decoding="async" width="2560" height="1672" src="http://www.mac3.ro/wp-content/uploads/2025/10/MSP1300-sur-chantier-avec-nouvelles-couleurs-1-scaled.jpg" alt="" class="wp-image-57" style="aspect-ratio:4/3;object-fit:cover" srcset="http://www.mac3.ro/wp-content/uploads/2025/10/MSP1300-sur-chantier-avec-nouvelles-couleurs-1-scaled.jpg 2560w, http://www.mac3.ro/wp-content/uploads/2025/10/MSP1300-sur-chantier-avec-nouvelles-couleurs-1-300x196.jpg 300w, http://www.mac3.ro/wp-content/uploads/2025/10/MSP1300-sur-chantier-avec-nouvelles-couleurs-1-1024x669.jpg 1024w, http://www.mac3.ro/wp-content/uploads/2025/10/MSP1300-sur-chantier-avec-nouvelles-couleurs-1-768x502.jpg 768w, http://www.mac3.ro/wp-content/uploads/2025/10/MSP1300-sur-chantier-avec-nouvelles-couleurs-1-1536x1003.jpg 1536w, http://www.mac3.ro/wp-content/uploads/2025/10/MSP1300-sur-chantier-avec-nouvelles-couleurs-1-2048x1337.jpg 2048w" sizes="auto, (max-width: 2560px) 100vw, 2560px" /></figure>
</div>



<div class="wp-block-column is-layout-flow wp-block-column-is-layout-flow" style="flex-basis:40%">
<h2 class="wp-block-heading">Compact. Puternic. Inteligent.</h2>



<p>Compresorul de aer MAC3 MSP1300 redefinește mobilitatea profesională. Disponibil <strong>pe șenile sau pe roți</strong>, cu <strong>mâner reglabil și reversibil</strong>, este ușor de transportat, manevrat și întreținut. Toate acestea într-un design care economisește spațiu fără să sacrifice puterea.</p>
</div>
</div>
</div>



<div class="wp-block-group alignfull has-base-2-background-color has-background has-global-padding is-layout-constrained wp-container-core-group-is-layout-669513ed wp-block-group-is-layout-constrained" style="margin-top:0;margin-bottom:0;padding-top:var(--wp--preset--spacing--50);padding-right:var(--wp--preset--spacing--50);padding-bottom:var(--wp--preset--spacing--50);padding-left:var(--wp--preset--spacing--50)">
<div class="wp-block-group is-vertical is-content-justification-center is-layout-flex wp-container-core-group-is-layout-52b864f0 wp-block-group-is-layout-flex">
<p><strong>APLICAȚII COMPRESOR DE AER MAC3 MSP1300 </strong></p>
</div>



<div style="margin-top:0;margin-bottom:0;height:var(--wp--preset--spacing--40)" aria-hidden="true" class="wp-block-spacer"></div>



<div class="wp-block-columns alignwide is-layout-flex wp-container-core-columns-is-layout-d0bbbce0 wp-block-columns-is-layout-flex">
<div class="wp-block-column is-layout-flow wp-container-core-column-is-layout-e3d1c41b wp-block-column-is-layout-flow">
<h3 class="wp-block-heading has-text-align-left is-style-asterisk has-body-font-family has-medium-font-size" style="font-style:normal;font-weight:600"><strong>Sablare (100 PSI/ 7 BAR)</strong></h3>



<ul class="wp-block-list">
<li>Sablare</li>



<li>Aerografiere</li>



<li>Hidrogomaj*</li>
</ul>
</div>



<div class="wp-block-column is-layout-flow wp-container-core-column-is-layout-e3d1c41b wp-block-column-is-layout-flow">
<h3 class="wp-block-heading has-text-align-left is-style-asterisk has-body-font-family has-medium-font-size" style="font-style:normal;font-weight:600"><strong>Demolări (100 PSI / 7 BAR)</strong></h3>



<ul class="wp-block-list">
<li>Spargere pavaje</li>



<li>Ciocane pneumatice</li>
</ul>
</div>



<div class="wp-block-column is-layout-flow wp-container-core-column-is-layout-e3d1c41b wp-block-column-is-layout-flow">
<h3 class="wp-block-heading has-text-align-left is-style-asterisk has-body-font-family has-medium-font-size" style="font-style:normal;font-weight:600"><strong>Fibră optică</strong></h3>



<p class="has-text-align-left"><strong>215 PSI / 15 BAR</strong></p>
</div>
</div>



<div style="height:55px" aria-hidden="true" class="wp-block-spacer"></div>



<p>*<strong>Compresorul cu aer comprimat MAC3 MSP1300 este capabil să curețe suprafețele prin combinarea de  aer, apă și abraziv fin (cum ar fi nisipul, bicarbonatul sau alte particule blânde).</strong></p>



<div style="height:42px" aria-hidden="true" class="wp-block-spacer"></div>



<p class="has-text-align-center"><strong>DESIGN</strong></p>



<div class="wp-block-columns alignwide is-layout-flex wp-container-core-columns-is-layout-d0bbbce0 wp-block-columns-is-layout-flex">
<div class="wp-block-column is-layout-flow wp-container-core-column-is-layout-e3d1c41b wp-block-column-is-layout-flow">
<h3 class="wp-block-heading has-text-align-left is-style-asterisk has-body-font-family has-medium-font-size" style="font-style:normal;font-weight:600"><strong>MÂNER REGLABIL</strong></h3>



<p class="has-text-align-left">Mâner reversibil în funcție de înălțimea utilizatorului și reglabil în lungime pentru o manevrabilitate îmbunătățită a modelului de compresor <strong>MSP1300</strong>.</p>
</div>



<div class="wp-block-column is-layout-flow wp-container-core-column-is-layout-e3d1c41b wp-block-column-is-layout-flow">
<h3 class="wp-block-heading has-text-align-left is-style-asterisk has-body-font-family has-medium-font-size" style="font-style:normal;font-weight:600"><strong>UȘOR DE UTILIZAT</strong></h3>



<ul class="wp-block-list">
<li>Pornire electrică</li>



<li>Acces direct la rezervor pentru umplere</li>



<li>Deschidere a capacului pentru acces la dispozitivele de operare</li>



<li>Acces facil și protejat la contact</li>



<li>Ieșire de aer ușor accesibilă și protejată</li>
</ul>
</div>



<div class="wp-block-column is-layout-flow wp-container-core-column-is-layout-e3d1c41b wp-block-column-is-layout-flow">
<h3 class="wp-block-heading has-text-align-left is-style-asterisk has-body-font-family has-medium-font-size" style="font-style:normal;font-weight:600"><strong>MOTOR BRIGGS &amp; STRATTON</strong></h3>



<p class="has-text-align-left">Vanguard 23HP</p>
</div>
</div>



<div class="wp-block-group alignfull has-base-2-background-color has-background has-global-padding is-layout-constrained wp-container-core-group-is-layout-669513ed wp-block-group-is-layout-constrained" style="margin-top:0;margin-bottom:0;padding-top:var(--wp--preset--spacing--50);padding-right:var(--wp--preset--spacing--50);padding-bottom:var(--wp--preset--spacing--50);padding-left:var(--wp--preset--spacing--50)">
<div style="margin-top:0;margin-bottom:0;height:0px" aria-hidden="true" class="wp-block-spacer"></div>



<div class="wp-block-columns alignwide is-layout-flex wp-container-core-columns-is-layout-d0bbbce0 wp-block-columns-is-layout-flex">
<div class="wp-block-column is-layout-flow wp-container-core-column-is-layout-e3d1c41b wp-block-column-is-layout-flow">
<h3 class="wp-block-heading has-text-align-left is-style-asterisk has-body-font-family has-medium-font-size" style="font-style:normal;font-weight:600"><strong>PUTERE MODULARĂ</strong></h3>



<p class="has-text-align-left">Compresorul MAC3 MSP1300 a fost proiectat pentru a oferi ergonomie maximă, fie în utilizare, fie la întreținere sau transport.</p>
</div>



<div class="wp-block-column is-layout-flow wp-container-core-column-is-layout-e3d1c41b wp-block-column-is-layout-flow">
<p></p>
</div>



<div class="wp-block-column is-layout-flow wp-container-core-column-is-layout-e3d1c41b wp-block-column-is-layout-flow">
<p></p>
</div>
</div>



<div style="height:var(--wp--preset--spacing--20)" aria-hidden="true" class="wp-block-spacer"></div>
</div>



<h4 class="wp-block-heading has-text-align-center"><strong>SPECIFICAȚII TEHNICE</strong></h4>



<div style="height:22px" aria-hidden="true" class="wp-block-spacer"></div>



<figure class="wp-block-table"><table class="has-fixed-layout"><tbody><tr><td class="has-text-align-center" data-align="center"><strong>MODEL</strong></td><td class="has-text-align-center" data-align="center"><strong>PRESIUNE (BAR-PSI)</strong></td></tr><tr><td class="has-text-align-center" data-align="center">MSP1300 (7 BAR)</td><td class="has-text-align-center" data-align="center">7-100</td></tr><tr><td class="has-text-align-center" data-align="center">MSP1300 (8,5 BAR)</td><td class="has-text-align-center" data-align="center">8,5 &#8211; 123</td></tr><tr><td class="has-text-align-center" data-align="center">MSP1300 (10 BAR)</td><td class="has-text-align-center" data-align="center">10 &#8211; 145</td></tr><tr><td class="has-text-align-center" data-align="center">MSP1300 (15 BAR)</td><td class="has-text-align-center" data-align="center">15 &#8211; 215</td></tr></tbody></table></figure>



<h4 class="wp-block-heading has-text-align-center"><strong>Compresor în carcasă (<em>skid compressor</em>)</strong></h4>



<figure class="wp-block-table"><table class="has-fixed-layout"><tbody><tr><td class="has-text-align-center" data-align="center"><strong>GREUTATE (KG)</strong></td><td class="has-text-align-center" data-align="center"><strong>DIMENSIUNI (L x l x H)</strong> (mm)</td></tr><tr><td class="has-text-align-center" data-align="center">214</td><td class="has-text-align-center" data-align="center">1106 x 602 x 660</td></tr><tr><td class="has-text-align-center" data-align="center">214</td><td class="has-text-align-center" data-align="center">1106 x 602 x 660</td></tr><tr><td class="has-text-align-center" data-align="center">214</td><td class="has-text-align-center" data-align="center">1106 x 602 x 660</td></tr><tr><td class="has-text-align-center" data-align="center">214</td><td class="has-text-align-center" data-align="center">1106 x 602 x 660</td></tr></tbody></table></figure>



<div style="height:38px" aria-hidden="true" class="wp-block-spacer"></div>
</div>

<p>Compact. Puternic. Inteligent. Compresorul de aer MAC3 MSP1300 redefinește mobilitatea profesională. Disponibil pe șenile sau pe roți, cu mâner reglabil și reversibil, este ușor de transportat, manevrat și întreținut. Toate acestea într-un design care economisește spațiu fără să sacrifice puterea. APLICAȚII COMPRESOR DE AER MAC3 MSP1300 Sablare (100 PSI/ 7 BAR) Demolări (100 PSI / [&hellip;]</p>
